{"id":2,"date":"2024-10-28T19:15:49","date_gmt":"2024-10-28T19:15:49","guid":{"rendered":"https:\/\/tyhjatlasit.blackhawksolutions.fi\/?page_id=2"},"modified":"2025-09-21T16:51:36","modified_gmt":"2025-09-21T16:51:36","slug":"front-page","status":"publish","type":"page","link":"https:\/\/tyhjatlasit.blackhawksolutions.fi\/","title":{"rendered":"Panu ja Tyhj\u00e4t lasit"},"content":{"rendered":"\n<div class=\"wp-block-black-hawk-solutions-custom-image-block row align-items-center\"><div class=\"col-6\"><figure class=\"wp-block-image\"><div class=\"image-wrapper \"><img decoding=\"async\" src=\"https:\/\/tyhjatlasit.blackhawksolutions.fi\/wp-content\/uploads\/2024\/11\/DSC5453-1-scaled.jpg\" alt=\"\" style=\"width:;height:;object-fit:cover\"\/><\/div><figcaption class=\"wp-caption-text\">Keikalla Suninsalmella 28.9.2024<\/figcaption><\/figure><\/div><div class=\"col-6 text-start media-text-content\"><p><strong>Panu ja Tyhj\u00e4t Lasit<\/strong> on suomalainen country-yhtye, jonka tarina sai alkunsa Lehtim\u00e4ell\u00e4 vuonna 2022. Aluksi kyse oli vain yst\u00e4v\u00e4porukan jameista, joissa soiteltiin laidasta laitaan kaikkea raskaan rockin ja valssien v\u00e4lilt\u00e4. V\u00e4hitellen kantri nousi kuitenkin p\u00e4\u00e4osaan, ja jamisessiot johtivat ensimm\u00e4iseen esiintymiseen Koljonvirralla hein\u00e4kuussa 2022. Siit\u00e4 hetkest\u00e4 b\u00e4ndi sai nimen ja oman suunnan.<\/p><\/div><\/div>\n\n\n\n<div class=\"wp-block-black-hawk-solutions-custom-image-block row align-items-center\"><div class=\"col-6 text-start media-text-content\"><p>Ohjelmisto koostuu klassisista country-biiseist\u00e4 ja uudemmasta materiaalista eri artisteilta. Mukana on my\u00f6s rockia ja muuta juurimusiikkia, jotka b\u00e4ndin k\u00e4sittelyss\u00e4 k\u00e4\u00e4ntyv\u00e4t usein kantrin suuntaan. Tyylille on ominaista rennon maanl\u00e4heinen ote ja musiikin tekeminen yhdess\u00e4 pit\u00e4misen ilosta.<\/p><\/div><div class=\"col-6\"><figure class=\"wp-block-image\"><div class=\"image-wrapper \"><img decoding=\"async\" src=\"https:\/\/tyhjatlasit.blackhawksolutions.fi\/wp-content\/uploads\/2024\/11\/DSC5447-scaled.jpg\" alt=\"\" style=\"width:;height:;object-fit:cover\"\/><\/div><figcaption class=\"wp-caption-text\">Keikalla Suninsalmella 28.9.2024<\/figcaption><\/figure><\/div><\/div>\n\n\n\n<p>B\u00e4ndi on vuosien varrella esiintynyt yksityistilaisuuksissa, festivaaleilla ja baareissa. Vuonna 2025 Panu ja Tyhj\u00e4t Lasit n\u00e4htiin Saarifesteill\u00e4 lavalla yhdess\u00e4 <strong>Kari \u201cFinnish Watson\u201d M\u00e4kisen<\/strong> kanssa. M\u00e4kinen tunnetaan akustisesta kitaroinnistaan, monipuolisesta soitostaan (kitara, banjo, suuharppu) sek\u00e4 Doc Watson -tribuuteistaan. Lis\u00e4\u00e4 yhteiskeikkoja on luvassa jatkossakin.<\/p>\n\n\n\n<p><strong>Kokoonpano:<\/strong><\/p>\n\n\n\n<ul class=\"wp-block-list\">\n<li>Panu Weckman \u2013 laulu ja kitara<\/li>\n\n\n\n<li>Jarmo Isotalo \u2013 rummut ja taustalaulu<\/li>\n\n\n\n<li>Maria Isotalo \u2013 basso<\/li>\n\n\n\n<li>Janika M\u00e4kel\u00e4 \u2013 koskettimet<\/li>\n<\/ul>\n\n\n\n<figure class=\"wp-block-embed is-type-video is-provider-youtube wp-block-embed-youtube wp-embed-aspect-16-9 wp-has-aspect-ratio\"><div class=\"wp-block-embed__wrapper\">\n<iframe loading=\"lazy\" title=\"Suninsalmi 28.9\" width=\"500\" height=\"281\" src=\"https:\/\/www.youtube.com\/embed\/videoseries?list=PLQAkuJrV4Vg2mRhyF_fWy_6CXijY0WJDS\" frameborder=\"0\" allow=\"accelerometer; autoplay; clipboard-write; encrypted-media; gyroscope; picture-in-picture; web-share\" referrerpolicy=\"strict-origin-when-cross-origin\" allowfullscreen><\/iframe>\n<\/div><figcaption class=\"wp-element-caption\">Otteita Suninsalmen keikalta 28.9.2024<\/figcaption><\/figure>\n\n\n\n<p>Jos tahdot b\u00e4ndi\u00e4 keikalle, niin pyyd\u00e4 tarjous alla olevalla lomakkeella.<\/p>\n\n\n\n<div class=\"wpcf7 no-js\" id=\"wpcf7-f88-o1\" lang=\"fi\" dir=\"ltr\" data-wpcf7-id=\"88\">\n<div class=\"screen-reader-response\"><p role=\"status\" aria-live=\"polite\" aria-atomic=\"true\"><\/p> <ul><\/ul><\/div>\n<form action=\"\/index.php\/wp-json\/wp\/v2\/pages\/2#wpcf7-f88-o1\" method=\"post\" class=\"wpcf7-form init\" aria-label=\"Yhteydenottolomake\" novalidate=\"novalidate\" data-status=\"init\">\n<fieldset class=\"hidden-fields-container\"><input type=\"hidden\" name=\"_wpcf7\" value=\"88\" \/><input type=\"hidden\" name=\"_wpcf7_version\" value=\"6.1.5\" \/><input type=\"hidden\" name=\"_wpcf7_locale\" value=\"fi\" \/><input type=\"hidden\" name=\"_wpcf7_unit_tag\" value=\"wpcf7-f88-o1\" \/><input type=\"hidden\" name=\"_wpcf7_container_post\" value=\"0\" \/><input type=\"hidden\" name=\"_wpcf7_posted_data_hash\" value=\"\" \/>\n<\/fieldset>\n<div class=\"row\">\n\t<div class=\"mb-3 col-6\">\n\t\t<p><label class=\"form-label\">Nimesi<\/label><br \/>\n<span class=\"wpcf7-form-control-wrap\" data-name=\"your-name\"><input size=\"40\" maxlength=\"400\" class=\"wpcf7-form-control wpcf7-text wpcf7-validates-as-required form-control text-black\" autocomplete=\"name\" aria-required=\"true\" aria-invalid=\"false\" value=\"\" type=\"text\" name=\"your-name\" \/><\/span>\n\t\t<\/p>\n\t<\/div>\n\t<div class=\"col-6\">\n\t<\/div>\n\t<div class=\"mb-3 col-6\">\n\t\t<p><label class=\"form-label\">S\u00e4hk\u00f6postiosoite<\/label><br \/>\n<span class=\"wpcf7-form-control-wrap\" data-name=\"your-email\"><input size=\"40\" maxlength=\"400\" class=\"wpcf7-form-control wpcf7-email wpcf7-validates-as-required wpcf7-text wpcf7-validates-as-email form-control text-black\" autocomplete=\"email\" aria-required=\"true\" aria-invalid=\"false\" value=\"\" type=\"email\" name=\"your-email\" \/><\/span>\n\t\t<\/p>\n\t<\/div>\n\t<div class=\"col-6\">\n\t<\/div>\n\t<div class=\"mb-3 col-6\">\n\t\t<p><label class=\"form-label\">Aihe<\/label><br \/>\n<span class=\"wpcf7-form-control-wrap\" data-name=\"your-subject\"><input size=\"40\" maxlength=\"400\" class=\"wpcf7-form-control wpcf7-text wpcf7-validates-as-required form-control text-black\" aria-required=\"true\" aria-invalid=\"false\" value=\"\" type=\"text\" name=\"your-subject\" \/><\/span>\n\t\t<\/p>\n\t<\/div>\n\t<div class=\"col-6\">\n\t<\/div>\n\t<div class=\"mb-3\">\n\t\t<p><label class=\"form-label\">Kerro lis\u00e4tietoja<\/label><br \/>\n<span class=\"wpcf7-form-control-wrap\" data-name=\"your-message\"><textarea cols=\"40\" rows=\"10\" maxlength=\"2000\" class=\"wpcf7-form-control wpcf7-textarea form-control text-black\" aria-invalid=\"false\" name=\"your-message\"><\/textarea><\/span>\n\t\t<\/p>\n\t<\/div>\n\n<!-- Custom button using raw HTML instead of CF7 shortcode -->\n\t<div class=\"mb-3\">\n\t\t<p><button type=\"submit\" class=\"btn btn-primary\">L\u00e4het\u00e4<\/button>\n\t\t<\/p>\n\t<\/div>\n<\/div><div class=\"wpcf7-response-output\" aria-hidden=\"true\"><\/div>\n<\/form>\n<\/div>\n\n","protected":false},"excerpt":{"rendered":"<p>B\u00e4ndi on vuosien varrella esiintynyt yksityistilaisuuksissa, festivaaleilla ja baareissa. Vuonna 2025 Panu ja Tyhj\u00e4t Lasit n\u00e4htiin Saarifesteill\u00e4 lavalla yhdess\u00e4 Kari \u201cFinnish Watson\u201d M\u00e4kisen kanssa. M\u00e4kinen tunnetaan akustisesta kitaroinnistaan, monipuolisesta soitostaan (kitara, banjo, suuharppu) sek\u00e4 Doc Watson -tribuuteistaan. Lis\u00e4\u00e4 yhteiskeikkoja on luvassa jatkossakin. Kokoonpano: Jos tahdot b\u00e4ndi\u00e4 keikalle, niin pyyd\u00e4 tarjous alla olevalla lomakkeella.<\/p>\n","protected":false},"author":1,"featured_media":0,"parent":0,"menu_order":0,"comment_status":"closed","ping_status":"closed","template":"","meta":{"footnotes":""},"class_list":["post-2","page","type-page","status-publish","hentry"],"_links":{"self":[{"href":"https:\/\/tyhjatlasit.blackhawksolutions.fi\/index.php\/wp-json\/wp\/v2\/pages\/2","targetHints":{"allow":["GET"]}}],"collection":[{"href":"https:\/\/tyhjatlasit.blackhawksolutions.fi\/index.php\/wp-json\/wp\/v2\/pages"}],"about":[{"href":"https:\/\/tyhjatlasit.blackhawksolutions.fi\/index.php\/wp-json\/wp\/v2\/types\/page"}],"author":[{"embeddable":true,"href":"https:\/\/tyhjatlasit.blackhawksolutions.fi\/index.php\/wp-json\/wp\/v2\/users\/1"}],"replies":[{"embeddable":true,"href":"https:\/\/tyhjatlasit.blackhawksolutions.fi\/index.php\/wp-json\/wp\/v2\/comments?post=2"}],"version-history":[{"count":18,"href":"https:\/\/tyhjatlasit.blackhawksolutions.fi\/index.php\/wp-json\/wp\/v2\/pages\/2\/revisions"}],"predecessor-version":[{"id":184,"href":"https:\/\/tyhjatlasit.blackhawksolutions.fi\/index.php\/wp-json\/wp\/v2\/pages\/2\/revisions\/184"}],"wp:attachment":[{"href":"https:\/\/tyhjatlasit.blackhawksolutions.fi\/index.php\/wp-json\/wp\/v2\/media?parent=2"}],"curies":[{"name":"wp","href":"https:\/\/api.w.org\/{rel}","templated":true}]}}